 be c(10). Calculate the remainder when 30 is divided by d/6 - (-78)/9.
6
Let i be 2*(-3)/(-12)*0. Suppose -15 = -i*n + 5*n, 4*l - 2*n = 82. Calculate the remainder when l is divided by 5.
4
Suppose 220 = 4*z + z. Suppose -9*s = -5*s - z. What is the remainder when 32 is divided by s?
10
Suppose 12*m - 320 = -8*m. What is the remainder when m is divided by 11?
5
Let h = -252 + 438. What is the remainder when h is divided by 63?
60
Let y = -136 + 201. Suppose -y = -6*b + b. Let x = -9 + 16. What is the remainder when b is divided by x?
6
Let q = 8 - 0. Let i(x) = 3*x - 11. Suppose -3*a + 3*j + 96 = -j, 5*a - 3*j = 171. What is the remainder when a is divided by i(q)?
10
Let y = 11 + -7. Suppose -2*z - 36 = -y*t - z, 5*t + 5*z = 20. Calculate the remainder when 29 is divided by t.
5
Suppose 2 = b - k, k - 3*k - 4 = 5*b. Suppose b = -2*u + s + 68, -3*u + 4*u - 41 = -3*s. What is the remainder when u is divided by 12?
11
Let x = -16 - -3. Let k = x - -19. What is the remainder when 21 is divided by k?
3
Let s be ((-8)/6)/(6/(-9)). Suppose -3*t - 21 = g - 4*g, -5*t - 21 = s*g. Let c(p) = -2*p - 8. What is the remainder when c(-6) is divided by g?
0
Let j(c) = -3*c**2 - 3*c**2 + 5*c**2 - 12*c**3. What is the remainder when 41 is divided by j(-1)?
8
Suppose -q + 2*o - 1 = 0, -2*q - 4*o + 38 = -0*o. Let z(c) = -c**2 - 13*c + 5. Suppose 0 = -0*j + j + 10. What is the remainder when z(j) is divided by q?
8
Let j = -13 - -45. Calculate the remainder when 125 is divided by j.
29
Suppose -z = 4 - 10. Calculate the remainder when 9 is divided by z.
3
Suppose 2 = -3*a + c + 3, 0 = a - 3*c + 13. Suppose 4*r - 4 = -2*z, -5*z = -2*r - z + 12. Let s = 0 + r. Calculate the remainder when a is divided by s.
0
Suppose -4*v = -2*i + 16, -4*i = v - 9*i + 22. Let j = 1 - -5. Calculate the remainder when 1 + 17 + 2/v is divided by j.
5
Suppose v = -2 + 7. What is the remainder when v is divided by 2?
1
Let r = 130 + -87. Calculate the remainder when r is divided by 25.
18
Suppose 0 = 5*p - 234 - 261. Calculate the remainder when p is divided by 20.
19
Suppose t = 2*t + 15. Suppose -3*j = -j + 3*o - 11, 2*o = 2. What is the remainder when 10/t - 32/(-3) is divided by j?
2
Let d = 25 + -3. Let m = d + -12. Let c(k) = 18*k. Calculate the remainder when c(1) is divided by m.
8
Let f(u) = 8*u**2 - 2*u + 1. What is the remainder when f(2) is divided by 10 + (4 - 0 - 4)?
9
Let m = -29 - -31. Suppose 5*v - 20 = 0, m*v - 276 = -3*z - v. Calculate the remainder when z is divided by 15.
13
Suppose 0 = 12*u - 13*u + 4. Suppose -4*l + 20 = 4*s, 5 = 4*s - 2*l + 3. Suppose 3*b - 2 = s*b. Calculate the remainder when u is divided by b.
0
Let o = -48 - -111. What is the remainder when o is divided by 33?
30
Let y be ((-2)/3)/((-4)/30). Suppose -5*g - y*h = -40, -2*g - 19 = -5*h - 0. What is the remainder when 5 is divided by g?
2
Let n(u) = u**2 - 5*u - 4. Suppose 4*w - 35 + 7 = 0. What is the remainder when 47 is divided by n(w)?
7
Let a(h) = -h**3 - 2*h**2 + 0*h**2 + 5*h**2 - 3*h. Let l be a(2). Calculate the remainder when ((-3)/l - -1)*10 is divided by 13.
12
Let t(o) = o**2 + o + 8. Let a(i) = i**2 - 3*i + 3. Let p be 1/(-2)*(2 + -12). Calculate the remainder when t(5) is divided by a(p).
12
Let f(u) = u**3 - 7*u**2 + u + 1. Let a = 7 - 12. Let h be a/(-2)*32/10. What is the remainder when f(h) is divided by 19?
16
Let d be (-1)/((-6)/21)*8. Let n = 58 - d. What is the remainder when 17 is divided by ((-15)/(-25))/(2/n)?
8
Suppose 35 = 2*z + 3*b, 2*z - 3*b = -0*z + 17. Let h = z + -6. What is the remainder when 11 is divided by h?
4
Let o(x) = 5*x**2 + 8*x + 10. What is the remainder when o(-4) is divided by 30?
28
Suppose -4*d = -3*d - 38. Suppose r - d = -r. Calculate the remainder when r is divided by 5.
4
Let j(q) = q - 6. Suppose 0 = -5*k + 10 - 0. What is the remainder when k is divided by j(8)?
0
Let r be (2*-1)/(6/(-207)). Let h = r + 16. Suppose 3*n - h = -2*n. What is the remainder when 32 is divided by n?
15
Suppose 4*p + 2 = 50. What is the remainder when (-1 + 11)*49/14 is divided by p?
11
Let y = -11 - -26. Suppose 2*g - 2*n - 13 = y, 3 = -n. Calculate the remainder when 20 is divided by g.
9
What is the remainder when (-9)/15 + (-48)/(-5) is divided by 8?
1
Suppose -3*t - g = -2*g + 14, -3*t = -5*g + 34. Calculate the remainder when 29 is divided by 60/(-16)*8/t.
9
Suppose -35 = -5*x - 3*w + 6*w, -5*x - 5*w - 5 = 0. Calculate the remainder when 9 is divided by x.
1
Calculate the remainder when 2/(-3)*(-966)/28 is divided by 15.
8
Suppose 0*w = -2*r - w + 5, 0 = -r - w + 2. What is the remainder when 10 is divided by r?
1
Let o(k) = 5*k**3 - 2*k**2 + 2*k - 3. What is the remainder when o(2) is divided by 12?
9
What is the remainder when (-20 + 1)/(5 + -6) is divided by 11?
8
Let m = 94 + -79. Calculate the remainder when 37 is divided by m.
7
Suppose 0 = -3*z + 2*z. Suppose 3*m - 29 - 58 = z. Calculate the remainder when m is divided by 15.
14
Suppose 4*j = u + 4*u - 73, 4*u = -j + 71. Suppose 4*z + 74 = 2*c, -z - 68 = -0*c - 2*c. What is the remainder when c is divided by u?
16
Let m = 15 + -8. Let c(q) = -q + 5. Let d be c(m). Calculate the remainder when 24 is divided by d*((-30)/4 - -1).
11
Let c = 138 - 27. Calculate the remainder when c is divided by 28.
27
Let i(v) be the first derivative of v**3/3 - 11*v**2/2 - 6*v - 2. What is the remainder when 15 is divided by i(12)?
3
Suppose -5 = -2*s + 2*d + 1, 2*s = -2*d + 2. Calculate the remainder when 2 is divided by s.
0
Calculate the remainder when 46 is divided by 14/(-3)*(24/8 - 6).
4
Let h(y) = y**3 - 3*y**2 + 2*y. Suppose -3*r + 4*t - 2 = -48, t + 24 = 2*r. What is the remainder when r is divided by h(3)?
4
Let k(v) = v**2 - v. Let m(s) = 4*s + 1. Let p be m(1). Calculate the remainder when 79 is divided by k(p).
19
Suppose -24 = -0*q - 4*q. Suppose 5*z = -3*m - 2, m + q = 4*z - 3*z. What is the remainder when z is divided by 3/4 + 1/4?
0
Suppose -702 = -3*d + 4*q, -3*d + d + 473 = -q. What is the remainder when (-1)/(1 + d/(-236)) is divided by 30?
28
Suppose -3*d + 31 + 50 = 0. What is the remainder when 106 is divided by d?
25
Let j be 3 + (28 - -3) - 2. Suppose -o - 3*o = -j. Calculate the remainder when 30 is divided by o.
6
Suppose 3*h + 3*c + 6 = 2*h, -c = 2*h - 13. Let b = 1 - h. Let o = b - -18. Calculate the remainder when o is divided by 6.
4
Suppose d = -2*m + 129 - 14, 0 = 3*d + 15. Calculate the remainder when m is divided by 21.
18
Suppose -5 = i - 24. Calculate the remainder when 73 is divided by i.
16
Suppose 3*i - 48 = -i. Let r(v) = v + 1. Calculate the remainder when i is divided by r(6).
5
Suppose k - 5*x + 0*x - 41 = 0, 4 = -2*x. Calculate the remainder when k is divided by 17.
14
Let o(m) = m**2 + 6*m - 7. What is the remainder when 33 is divided by o(-8)?
6
Calculate the remainder when (-374)/(-10) - (-27)/45 is divided by 15.
8
Let x = -3 - -15. Let f = -22 + 26. Suppose -3*c + 75 = 2*g, 5*c - 118 = -f*g + 3*g. What is the remainder when c is divided by x?
11
Suppose -7*g + 6*g = -14. Calculate the remainder when 81 is divided by g.
11
Let x(d) = 9*d - 10 - 6*d + 4*d. What is the remainder when x(11) is divided by 14?
11
What is the remainder when 14/(-21)*(-87)/2 is divided by 15?
14
What is the remainder when 26 is divided by 0/(-1) - 0 - -11?
4
Suppose 5 + 4 = -2*v + 5*j, 4*j = -2*v + 36. What is the remainder when 31 is divided by v?
7
Let x(y) = -y**3 + y + 4. Suppose -5*k - 23 + 8 = 0. What is the remainder when x(-3) is divided by (k + 15)*10/8?
13
Suppose -3*l - 2 = -23. What is the remainder when 33 is divided by l?
5
Suppose -2*g = -7*g - 3*l + 229, -2*l + 231 = 5*g. Calculate the remainder when g is divided by 12.
11
Let l = -24 - -66. Calculate the remainder when l is divided by 11.
9
Calculate the remainder when 73/(-2)*(-4 + (4 - 4)) is divided by 30.
26
Let w(m) = 3*m**3 - 6*m**2 - 8*m + 4 - 3*m**3 + m**3 - m**2. What is the remainder when 10 is divided by w(8)?
2
Suppose 16 = 5*l - 4. Suppose -5*m - l*j + 56 = -m, -17 = -m - 4*j. Calculate the remainder when m is divided by 4.
1
Suppose -5*p - 3*m - m = -173, -2*p + 5*m + 89 = 0. Suppose 0*w = w + 20. Let f = p + w. Calculate the remainder when f is divided by 9.
8
Suppose -4*y + y = -33. Calculate the remainder wh